 derivative of 129*d + 0 + 1/6*d**3 + 6*d**2. Determine t(-8).
4
Let u(j) be the second derivative of j**5/20 + 37*j**4/12 + 71*j**3/6 - 43*j**2/2 + 9739*j. Give u(-35).
-78
Let l = 1614 - 1611. Let o(u) = 2*u**2 + 3*u - 5. Let r(z) = -5*z**2 - 7*z + 11. Let c(v) = -9*o(v) - 4*r(v). Calculate c(l).
22
Let r(p) = 4*p**3 + 3*p**2 - 6*p + 2. Suppose 2*d - 11 = 5. Let q(i) = -5*i**3 + 0*i - 10 + d + 6*i - 2*i**2. Let c(h) = -3*q(h) - 4*r(h). Calculate c(-7).
5
Let p(s) = 2*s**2 + 6*s - 831. Let z be p(19). Let b(o) = 3*o - 3*o - 4 + 5*o + 0. What is b(z)?
21
Let n(i) = i**3 - 3*i**2 + i + 10. Let h = 42765 + -42765. Determine n(h).
10
Suppose -3*g = -f + 1 + 4, -5*f - 5*g - 35 = 0. Let n(a) = -11*a - 38. Let b be n(f). Let z(i) = -i - b - 4*i**3 + 3 + 3*i + 4 + 2*i**2. Give z(-1).
5
Let u(n) = n**3 - 5*n**2 - 3*n + 8. Let i(r) = 2*r**2 + 5*r - 18. Let x be i(6). Let b = x - 78. Calculate u(b).
26
Let p(b) = 3*b + 49. Suppose -311*t - 65 = -308*t - 2*h, -83 = 5*t + 3*h. Calculate p(t).
-8
Let r(m) = -m**3 + 9*m**2 + 8*m + 12. Suppose 44*x = 35*x + 27. Suppose -x*d = -33*d + 300. What is r(d)?
-8
Let o = 54 + -44. Let l(p) be the first derivative of p**4/4 - 3*p**3 - 6*p**2 + 12*p - 176. Determine l(o).
-8
Let c(t) be the first derivative of -3*t**2 - 66*t + 249. Give c(-10).
-6
Let n(z) = 5*z - 11. Let i(l) = 9*l - 30. Let k(v) = -2*i(v) + 5*n(v). What is k(-10)?
-65
Let n(j) = -7*j**2 + 7*j + 10. Let z(t) = -10*t + 5. Let a be z(1). Let l(r) = 4*r**2 - 3*r - 5. Let h(y) = a*l(y) - 3*n(y). Suppose -2 = m - 9. Give h(m).
2
Suppose 5 + 1 = 2*j. Let u(g) = 3*g + j*g + 3*g. Suppose 31286*d - 31121*d = 165. Determine u(d).
9
Let k = 31 + -23. Let v(o) be the first derivative of -o**2/2 - 7*o + 1438. Give v(k).
-15
Let t(m) = m**3 - 7*m**2 + 7*m + 8. Suppose -822*l - 168 = -864*l. What is t(l)?
-12
Let a(g) be the first derivative of g**2/2 + 52*g - 894. Determine a(-53).
-1
Let h(f) be the first derivative of -4*f**2 - 78*f + 5380. Calculate h(-6).
-30
Suppose -5*w + 8 - 53 = 0. Let a be (-18)/w + (2 - (-2 + 0)). Let p(r) = 7 + 7*r**3 - a*r**3 - 2 + 5*r**2. What is p(-5)?
5
Let r(p) = p**3 + 93*p**2 + 180*p + 1. Let g be r(-2). Let i(u) = -4*u**2 + 19*u + 4. What is i(g)?
-1
Let z(x) = 70*x**2 - 24*x - 59. Let w(s) = -303*s**2 + 95*s + 237. Let q(r) = -3*w(r) - 13*z(r). Give q(29).
-2
Suppose -50*i - 17 = -47*i - 4*r, 0 = 2*i + r + 4. Let c(x) = 3*x + 33. Calculate c(i).
24
Let y(a) be the first derivative of -7*a**2/2 - 17*a - 883. Calculate y(-7).
32
Let t(c) = -c**3 - 5*c**2 - c - 4. Suppose -4*q = -5*f - 18, 3*f + 17 = 3*q + 2. Suppose -5*l - 33 = 25*y - 29*y, 0 = -l + y - q. Determine t(l).
1
Let l(f) = 3*f**2 + 19*f - 1. Let h(n) = 2*n**2 + 13*n. Let x(w) = 7*h(w) - 5*l(w). Let o(z) = z**2 - 8*z + 3. Let b be o(7). What is x(b)?
5
Let q(l) = l**2 - 4. Let m(v) = v**2 - 5. Let y = 23 + -27. Let j be ((-3)/y)/(2*1/8). Let n(u) = j*m(u) - 4*q(u). Calculate n(-2).
-3
Suppose -3*a = 12, 8 = 2*b + 5*a - 44. Suppose 13 + b = 7*r. Let m(o) = o**2 - 4*o - 1. What is m(r)?
20
Suppose 2*a = -4*w + 193 - 67, -54 = -2*w + 2*a. Let x be (-147)/(-28) - (-1 - w/(-24)). Let z(y) = -y**2 + 3*y + 9. Calculate z(x).
-1
Let p(a) = -a + 4. Suppose 3*z + 3*k = 9, z + 1 = 13*k - 16*k. Suppose 4*f + 6*x - 12 = 5*x, -z*f - 2*x = -15. What is p(f)?
1
Let a(f) be the second derivative of f**6/360 - f**5/20 + 5*f**4/6 + f**2 + 51*f. Let h(m) be the third derivative of a(m). What is h(9)?
12
Suppose -5 = u - 5*i + 15, -3*u + 3*i - 12 = 0. Let j be 103/4 - 1/(-4). Suppose -5*n = v - 3*v - j, u = -3*n - 2*v + 6. Let x(r) = -5*r + 2. What is x(n)?
-18
Let s = 98 + -94. Let b(h) = 4*h**2 - 17*h + 2. Let q be b(s). Let k(t) = t**2 + t. Determine k(q).
2
Let h(k) be the first derivative of k**2/2 - k - 2. Suppose -317*o - 296*o + 21 = -634*o. Determine h(o).
-2
Let a = 0 - -5. Let z(l) = 11 - 7*l - 10*l - 6*l + 22*l. Determine z(a).
6
Let m(n) be the first derivative of -72 + 1/3*n**3 - 11*n + 9/2*n**2. Give m(-9).
-11
Let p(y) = y**3 - 9*y**2 + 8*y + 5. Suppose 3*k = t, 32*t - 2*k = 29*t + 14. Give p(t).
-55
Let f(n) be the second derivative of -n**3/2 + 11*n**2/2 - 5*n + 154. Let z = 5 - -1. Calculate f(z).
-7
Let i(a) = 25*a + 8. Suppose -263*w = 7*w + 449 + 361. Give i(w).
-67
Let m(x) = 10*x + 242. Suppose 5*n - 39 = s, 33 = 74*s - 76*s - 5*n. What is m(s)?
2
Let n be ((-50)/(-4) + -9)*2. Let j(z) = -z**3 + 9*z**2 - 15*z - 7. Calculate j(n).
-14
Let q(n) be the second derivative of 0 - 5*n - 1/6*n**3 + 1/2*n**2. Let t = 13 + -14. Calculate q(t).
2
Let y(f) = -f**3 - 11*f**2 - 18*f + 71. Let g be y(-7). Let k(a) = -54*a + 1. Determine k(g).
-53
Suppose -22 = 7*h - 50. Let l(y) = 5*y**2 - 6. Let v(z) = 10*z**2 - 11. Let q(o) = h*v(o) - 7*l(o). Determine q(3).
43
Let o(r) = 5*r**2. Let j(d) = 3*d - 13. Let f(i) = 5*i - 26. Let u(z) = -4*f(z) + 7*j(z). Let c be u(-11). Suppose 0 = -c*b + 12 - 14. Determine o(b).
5
Let p(d) = 2*d**3 - 4*d**2 - 2*d - 22. Let c be p(5). Let w = c + -125. Let l(x) = -x**2 - 11*x - 31. Let o be l(w). Let b(q) = q**3 - 2*q. Determine b(o).
-21
Suppose 21*y + 18228 = 49*y. Let w = y - 637. Let s(l) = -l**3 + 12*l**2 + 29*l - 17. What is s(w)?
-3
Let y(l) = 14*l - 1. Let g(f) = -f**3 + 14*f + 3. Let n be g(-6). Suppose 0 = -7*a - n + 128. Calculate y(a).
-15
Let s(m) = -12*m + 89. Let q be s(7). Suppose 0 = 4*y - 6*j + 10*j, -q*j = 3*y + 8. Let g(v) = -7*v + 5. Determine g(y).
-23
Let p(r) = 2 + 312*r + 316*r - 627*r. Let t(y) = y**3 + 2*y**2 - 2. Let q be t(-2). What is p(q)?
0
Let i(k) be the first derivative of -110 + k**2 + 3*k + 3/4*k**4 + 0*k**3. Calculate i(-2).
-25
Let o(h) = h**3 + 17*h**2 + 16*h + 15. Suppose -4*d - 31 + 1059 = 0. Suppose 18*m + d = -31. What is o(m)?
15
Let g(x) = -6*x**3 - x**2 + x - 1. Let w be (12/30)/(4 - 54/15). Let s be g(w). Let d(c) = -c**2 - 10*c - 1. What is d(s)?
20
Let y(z) = -1319*z - 101. Let s(u) = -469*u - 36. Let h(o) = 14*s(o) - 5*y(o). Suppose -14 = -5*x + 3*l, -3*x - 3*l - 9 = l. What is h(x)?
30
Let s(l) be the third derivative of l**6/120 - 7*l**5/60 - l**4/12 + 3*l**3/2 + l**2 + 5*l. Suppose -4*n + 16 = 0, 3*d + 0 = -5*n + 41. What is s(d)?
-5
Let x(c) = 2*c + 6. Let j(m) = -6 + 1 + 19*m - 11*m - 9*m. Let b be j(-12). Suppose -13*a = -b*a + 30. Determine x(a).
-4
Suppose -98*c + 536 = 536. Suppose 177 = 5*k + 37. Suppose -v + l + 6 = c, -3*v - 5*l - k = -7*v. Let f(h) = 4*h - 5. Give f(v).
3
Let u(n) be the first derivative of -3*n**2/2 - 2*n - 1. Let m(v) = -v**3 - 14*v**2 + 1231*v + 19190. Let r be m(-16). Give u(r).
-20
Let i(k) be the third derivative of 11/6*k**3 + 7/30*k**5 - 10*k**2 + 0*k - 1/120*k**6 - 5/8*k**4 + 0. Give i(13).
-15
Suppose -10*q - 24 = -12*q - 4*b, -10 = -5*b. Let l(v) = 2*v**2 - 8*v. What is l(q)?
64
Let f(k) = -2*k**3 - 2*k**2 + 2*k. Let v = -1031 - -1029. What is f(v)?
4
Let c(v) = 10*v + 5. Let r(o) = 5*o + 4. Let k(n) = 2*c(n) - 5*r(n). Let j(s) = -6*s - 11. Let t(y) = 2*j(y) - 3*k(y). Calculate t(-3).
-1
Let h(u) be the first derivative of -u**3/3 + 7*u**2/2 - 3. Suppose -82*r + 355 = 17*r - 338. Calculate h(r).
0
Let w(o) = 39*o + 28. Let h = -2510 + 2508. Calculate w(h).
-50
Suppose -5*x = -4*b + 22, 3*x = b - 3*b. Let m(w) = 4*w + 0 - b + w**2 - 2*w**2 + 10. Suppose -k + 25 = 5*a, 12*k + 4*a = 8*k + 36. Give m(k).
2
Suppose 7 = 4*i - 5. Let n(f) = -131*f**2 + 4 + 134*f**2 - f - f**i + 4*f**3 - 2*f**3. Suppose -192*h + 18 = -198*h. Give n(h).
7
Let h be 19/7 - 24/(-84). Let v(g) = -6*g**3 + 2 + 18*g**h - 3*g**3 - 6*g - 5*g**2 - 8*g**3. Suppose -6*l + 24 = -2*l. Calculate v(l).
2
Let r(a) = a**2 - 5. Let l(b) = -8*b**2 - 39*b - 49. Let p(t) = l(t) + 7*r(t). Determine p(-37).
-10
Let z = 484 - 482. Let s(q) = -2354*q**2 - q + 2353*q**z + 4 + 14*q. Determine s(14).
-10
Let k(f) = f**3 - 31*f**2 + 31*f - 38. Suppose n + 10*u = 15*u + 25, 87 = 3*n - 3*u. Determine k(n).
-8
Let l(c) be the second derivative of c**6/120 - c**5/15 - c**4/6 - 2*c**3/3 - 7*c**2 - 107*c. Let r(m) be the first derivative of l(m). Calculate r(5).
1
Let f(a) = 3*a - 4. Suppose 3*j + 3*u + 12 = 0, 10*j - u + 16 = 7*j. Let k be 45/j - -17 - 7. Calculate f(k).
-1
Suppose 0 = -1384*q + 1368*q - 28 - 68. Let n(u) = -u**3 - 7*u**2 - 13. Determine n(q).
-49
Let a(x) = 3*x - 2. Let l be 1*135 - 234/(-39). S